436661081
List the prime factors of 799870926.
2, 3, 1801, 74021
List the prime factors of 142302504.
2, 3, 83, 71437
What are the prime factors of 10213950?
2, 3, 5, 149, 457
What are the prime factors of 317304757?
7, 11, 23, 179167
What are the prime factors of 309735891?
3, 19, 1811321
What are the prime factors of 954569944?
2, 7541, 15823
List the prime factors of 1665725754.
2, 3, 7, 11, 263, 13709
What are the prime factors of 3502402961?
3502402961
What are the prime factors of 572290798?
2, 12113, 23623
List the prime factors of 5727926689.
41, 149, 499, 1879
What are the prime factors of 2849946220?
2, 5, 11, 229, 56569
What are the prime factors of 2066943646?
2, 1033471823
List the prime factors of 177627560.
2, 5, 11, 17, 23747
List the prime factors of 1486890027.
3, 7, 874127
List the prime factors of 148167661.
148167661
List the prime factors of 10618259.
10618259
What are the prime factors of 579255667?
23, 41, 499, 1231
What are the prime factors of 63094322?
2, 31547161
What are the prime factors of 2012572964?
2, 6397, 78653
What are the prime factors of 31021982?
2, 331, 46861
What are the prime factors of 18584546?
2, 19, 233, 2099
What are the prime factors of 4886578619?
13, 29, 127, 102061
List the prime factors of 2698505704.
2, 19, 17753327
List the prime factors of 4886293957.
4886293957
List the prime factors of 92908105.
5, 18581621
List the prime factors of 5950837.
5950837
What are the prime factors of 1009818910?
2, 5, 23, 127, 181, 191
List the prime factors of 130362062.
2, 659, 98909
List the prime factors of 23890859.
23, 127, 8179
What are the prime factors of 1483685087?
971, 1527997
What are the prime factors of 858314?
2, 23, 47, 397
What are the prime factors of 155028582?
2, 3, 31, 277829
List the prime factors of 71695612.
2, 3121, 5743
List the prime factors of 342726700.
2, 5, 31, 110557
List the prime factors of 2109685705.
5, 113, 139, 26863
What are the prime factors of 142154187?
3, 7, 17, 59, 397
What are the prime factors of 1072822304?
2, 23, 1457639
List the prime factors of 66501904.
2, 7, 593767
List the prime factors of 1104718189.
1104718189
List the prime factors of 119782900.
2, 5, 1197829
List the prime factors of 44466360.
2, 3, 5, 23, 16111
List the prime factors of 449210850.
2, 3, 5, 11, 272249
What are the prime factors of 72694202?
2, 7, 71, 73133
What are the prime factors of 1972791273?
3, 577, 1139683
What are the prime factors of 1464869764?
2, 2251, 162691
List the prime factors of 122064387.
3, 40688129
What are the prime factors of 396442756?
2, 31, 53, 179, 337
List the prime factors of 34270039.
34270039
What are the prime factors of 927841646?
2, 167, 2777969
List the prime factors of 121838227.
7, 67, 259783
List the prime factors of 154422265.
5, 887, 34819
What are the prime factors of 1475970938?
2, 13, 4201, 13513
List the prime factors of 4281806956.
2, 7, 41, 3729797
What are the prime factors of 39261926?
2, 11, 1784633
What are the prime factors of 2176734699?
3, 241859411
What are the prime factors of 49443999?
3, 11, 1498303
What are the prime factors of 92310155?
5, 7, 23, 114671
What are the prime factors of 47288246?
2, 23644123
List the prime factors of 636702666.
2, 3, 17, 347, 17989
List the prime factors of 468258643.
37, 107, 118277
What are the prime factors of 9313994532?
2, 3, 23, 43, 784799
List the prime factors of 1294284327.
3, 7, 53, 1162879
List the prime factors of 11437007.
1103, 10369
List the prime factors of 471181199.
37, 12734627
What are the prime factors of 53086470?
2, 3, 5, 61, 29009
List the prime factors of 100055225.
5, 4002209
List the prime factors of 139160620.
2, 5, 6958031
List the prime factors of 3538736.
2, 221171
List the prime factors of 956206990.
2, 5, 17, 131, 42937
List the prime factors of 296197456.
2, 61, 157, 1933
List the prime factors of 32044698.
2, 3, 7, 41, 6203
What are the prime factors of 2728925367?
3, 7, 23, 5649949
List the prime factors of 1607149775.
5, 7, 11, 41, 2909
What are the prime factors of 473174876?
2, 118293719
List the prime factors of 2661621569.
2661621569
What are the prime factors of 126149505?
3, 5, 101, 83267
What are the prime factors of 10635635?
5, 31, 59, 1163
What are the prime factors of 8006438?
2, 11, 23, 15823
List the prime factors of 57659760.
2, 3, 5, 53, 1511
What are the prime factors of 1120409?
241, 4649
List the prime factors of 1233582664.
2, 37, 4167509
What are the prime factors of 100808208?
2, 3, 700057
What are the prime factors of 48840454?
2, 13, 23, 53, 67
List the prime factors of 12850666.
2, 6425333
List the prime factors of 33230982.
2, 3, 71, 78007
List the prime factors of 446720707.
41, 265747
List the prime factors of 586030147.
8719, 67213
List the prime factors of 232237745.
5, 67, 587, 1181
List the prime factors of 8117415575.
5, 324696623
List the prime factors of 87369642.
2, 3, 461, 10529
What are the prime factors of 407929376?
2, 1279, 9967
What are the prime factors of 49337543?
1637, 30139
What are the prime factors of 1108633383?
3, 11, 13, 53, 16253
List the prime factors of 359742862.
2, 23, 1699, 4603
What are the prime factors of 805821821?
7, 1069, 107687
What are the prime factors of 866113342?
2, 15077, 28723
What are the prime factors of 2308345395?
3, 5, 153889693
List the prime factors of 78033828.
2, 3, 67, 71, 1367
What are the prime factors of 563821188?
2, 3, 7, 101, 66457
List the prime factors of 982242441.
3, 29, 37, 2749
What are the prime factors of 197994443?
4931, 40153
What are the prime factors of 223846758?
2, 3, 613, 20287
List the prime factors of 23287611.
3, 7762537
List the prime factors of 644039161.
644039161
What are the prime factors of 21661031?
7, 47, 65839
What are the prime factors of 7495640?
2, 5, 17, 73, 151
What are the prime factors of 3294093106?
2, 3169, 519737
What are the prime factors of 1538444186?
2, 21059, 36527
What are the prime factors of 187626044?
2, 3919, 11969
What are the prime factors of 979964769?
3, 7, 239, 27893
List the prime factors of 212193037.
7, 30313291
What are the prime factors of 212914429?
7, 13, 2339719
List the prime factors of 285709154.
2, 173, 825749
List the prime factors of 7051011282.
2, 3, 7, 311, 19993
List the prime factors of 7716505962.
2, 3, 11, 116916757
List the prime factors of 128397054.
2, 3, 43, 497663
List the prime factors of 138539399.
449, 308551
What are the prime factors of 1230960786?
2, 3, 11, 17, 1097113
List the prime factors of 81872396.
2, 20468099
List the prime factors of 11501656.
2, 17, 23, 3677
What are the prime factors of 492826955?
5, 487, 202393
What are the prime factors of 1094837503?
941, 1163483
List the prime factors of 5630200775.
5, 1933, 116507
List the prime factors of 48970321.
109, 449269
List the prime factors of 1374075980.
2, 5, 181, 379579
List the prime factors of 49704804.
2, 3, 17, 241, 337
What are the prime factors of 21212316?
2, 3, 589231
What are the prime factors of 326573797?
11, 1063, 2539
What are the prime factors of 945842199?
3, 9437, 33409
List the prime factors of 557159030.
2, 5, 55715903
List the prime factors of 250866436.
2, 89, 704681
What are the prime factors of 350077136?
2, 21879821
List the prime factors of 443627730.
2, 3, 5, 7, 13, 54167
List the prime factors of 604256917.
11, 1783, 30809
List the prime factors of 174906019.
1103, 158573
What are the prime factors of 93445612?
2, 13, 1797031
What are the prime factors of 32753977?
32753977
List the prime factors of 63438003.
3, 71, 99277
List the prime factors of 100275494.
2, 11, 4557977
What are the prime factors of 298227264?
2, 3, 71, 131, 167
What are the prime factors of 6240651508?
2, 7, 13, 509, 2591
What are the prime factors of 36177239?
7, 29, 3637
List the prime factors of 2067156059.
2067156059
List the prime factors of 2160715633.
2160715633
List the prime factors of 610478535.
3, 5, 23, 47, 37649
List the prime factors of 55156904.
2, 11, 626783
List the prime factors of 82264038.
2, 3, 13710673
What are the prime factors of 60050676?
2, 3, 7, 73, 1399
List the prime factors of 103525032.
2, 3, 13, 449, 739
What are the prime factors of 267693278?
2, 133846639
List the prime factors of 1191398603.
31, 1049